{"id":15,"date":"2017-10-30T15:50:07","date_gmt":"2017-10-30T15:50:07","guid":{"rendered":"https:\/\/altinteks.com.tr\/?page_id=15"},"modified":"2017-10-31T15:08:06","modified_gmt":"2017-10-31T15:08:06","slug":"cozum-ortaklari","status":"publish","type":"page","link":"https:\/\/altinteks.com.tr\/index.php\/cozum-ortaklari\/","title":{"rendered":"\u00c7\u00f6z\u00fcm Ortaklar\u0131"},"content":{"rendered":"<div id='gallery-1' class='gallery galleryid-15 gallery-columns-3 gallery-size-full'><dl class='gallery-item'>\n\t\t\t<dt class='gallery-icon landscape'>\n\t\t\t\t<a href='https:\/\/altinteks.com.tr\/wp-content\/uploads\/2017\/10\/brother.png'><img loading=\"lazy\" decoding=\"async\" width=\"909\" height=\"200\" src=\"https:\/\/altinteks.com.tr\/wp-content\/uploads\/2017\/10\/brother.png\" class=\"attachment-full size-full\" alt=\"\" srcset=\"https:\/\/altinteks.com.tr\/wp-content\/uploads\/2017\/10\/brother.png 909w, https:\/\/altinteks.com.tr\/wp-content\/uploads\/2017\/10\/brother-300x66.png 300w, https:\/\/altinteks.com.tr\/wp-content\/uploads\/2017\/10\/brother-768x169.png 768w\" sizes=\"auto, (max-width: 909px) 100vw, 909px\" \/><\/a>\n\t\t\t<\/dt><\/dl><dl class='gallery-item'>\n\t\t\t<dt class='gallery-icon landscape'>\n\t\t\t\t<a href='https:\/\/altinteks.com.tr\/wp-content\/uploads\/2017\/10\/cisco.png'><img loading=\"lazy\" decoding=\"async\" width=\"378\" height=\"200\" src=\"https:\/\/altinteks.com.tr\/wp-content\/uploads\/2017\/10\/cisco.png\" class=\"attachment-full size-full\" alt=\"\" srcset=\"https:\/\/altinteks.com.tr\/wp-content\/uploads\/2017\/10\/cisco.png 378w, https:\/\/altinteks.com.tr\/wp-content\/uploads\/2017\/10\/cisco-300x159.png 300w\" sizes=\"auto, (max-width: 378px) 100vw, 378px\" \/><\/a>\n\t\t\t<\/dt><\/dl><dl class='gallery-item'>\n\t\t\t<dt class='gallery-icon landscape'>\n\t\t\t\t<a href='https:\/\/altinteks.com.tr\/wp-content\/uploads\/2017\/10\/dell.png'><img loading=\"lazy\" decoding=\"async\" width=\"640\" height=\"200\" src=\"https:\/\/altinteks.com.tr\/wp-content\/uploads\/2017\/10\/dell.png\" class=\"attachment-full size-full\" alt=\"\" srcset=\"https:\/\/altinteks.com.tr\/wp-content\/uploads\/2017\/10\/dell.png 640w, https:\/\/altinteks.com.tr\/wp-content\/uploads\/2017\/10\/dell-300x94.png 300w\" sizes=\"auto, (max-width: 640px) 100vw, 640px\" \/><\/a>\n\t\t\t<\/dt><\/dl><br style=\"clear: both\" \/><dl class='gallery-item'>\n\t\t\t<dt class='gallery-icon landscape'>\n\t\t\t\t<a href='https:\/\/altinteks.com.tr\/wp-content\/uploads\/2017\/10\/kyocera.png'><img loading=\"lazy\" decoding=\"async\" width=\"934\" height=\"200\" src=\"https:\/\/altinteks.com.tr\/wp-content\/uploads\/2017\/10\/kyocera.png\" class=\"attachment-full size-full\" alt=\"\" srcset=\"https:\/\/altinteks.com.tr\/wp-content\/uploads\/2017\/10\/kyocera.png 934w, https:\/\/altinteks.com.tr\/wp-content\/uploads\/2017\/10\/kyocera-300x64.png 300w, https:\/\/altinteks.com.tr\/wp-content\/uploads\/2017\/10\/kyocera-768x164.png 768w\" sizes=\"auto, (max-width: 934px) 100vw, 934px\" \/><\/a>\n\t\t\t<\/dt><\/dl><dl class='gallery-item'>\n\t\t\t<dt class='gallery-icon landscape'>\n\t\t\t\t<a href='https:\/\/altinteks.com.tr\/wp-content\/uploads\/2017\/10\/lg.png'><img loading=\"lazy\" decoding=\"async\" width=\"636\" height=\"300\" src=\"https:\/\/altinteks.com.tr\/wp-content\/uploads\/2017\/10\/lg.png\" class=\"attachment-full size-full\" alt=\"\" srcset=\"https:\/\/altinteks.com.tr\/wp-content\/uploads\/2017\/10\/lg.png 636w, https:\/\/altinteks.com.tr\/wp-content\/uploads\/2017\/10\/lg-300x142.png 300w\" sizes=\"auto, (max-width: 636px) 100vw, 636px\" \/><\/a>\n\t\t\t<\/dt><\/dl><dl class='gallery-item'>\n\t\t\t<dt class='gallery-icon landscape'>\n\t\t\t\t<a href='https:\/\/altinteks.com.tr\/wp-content\/uploads\/2017\/10\/microsoft.png'><img loading=\"lazy\" decoding=\"async\" width=\"702\" height=\"150\" src=\"https:\/\/altinteks.com.tr\/wp-content\/uploads\/2017\/10\/microsoft.png\" class=\"attachment-full size-full\" alt=\"\" srcset=\"https:\/\/altinteks.com.tr\/wp-content\/uploads\/2017\/10\/microsoft.png 702w, https:\/\/altinteks.com.tr\/wp-content\/uploads\/2017\/10\/microsoft-300x64.png 300w\" sizes=\"auto, (max-width: 702px) 100vw, 702px\" \/><\/a>\n\t\t\t<\/dt><\/dl><br style=\"clear: both\" \/><dl class='gallery-item'>\n\t\t\t<dt class='gallery-icon landscape'>\n\t\t\t\t<a href='https:\/\/altinteks.com.tr\/wp-content\/uploads\/2017\/10\/samsung.png'><img loading=\"lazy\" decoding=\"async\" width=\"979\" height=\"150\" src=\"https:\/\/altinteks.com.tr\/wp-content\/uploads\/2017\/10\/samsung.png\" class=\"attachment-full size-full\" alt=\"\" srcset=\"https:\/\/altinteks.com.tr\/wp-content\/uploads\/2017\/10\/samsung.png 979w, https:\/\/altinteks.com.tr\/wp-content\/uploads\/2017\/10\/samsung-300x46.png 300w, https:\/\/altinteks.com.tr\/wp-content\/uploads\/2017\/10\/samsung-768x118.png 768w\" sizes=\"auto, (max-width: 979px) 100vw, 979px\" \/><\/a>\n\t\t\t<\/dt><\/dl><dl class='gallery-item'>\n\t\t\t<dt class='gallery-icon landscape'>\n\t\t\t\t<a href='https:\/\/altinteks.com.tr\/wp-content\/uploads\/2017\/10\/symantec.png'><img loading=\"lazy\" decoding=\"async\" width=\"1139\" height=\"300\" src=\"https:\/\/altinteks.com.tr\/wp-content\/uploads\/2017\/10\/symantec.png\" class=\"attachment-full size-full\" alt=\"\" srcset=\"https:\/\/altinteks.com.tr\/wp-content\/uploads\/2017\/10\/symantec.png 1139w, https:\/\/altinteks.com.tr\/wp-content\/uploads\/2017\/10\/symantec-300x79.png 300w, https:\/\/altinteks.com.tr\/wp-content\/uploads\/2017\/10\/symantec-768x202.png 768w, https:\/\/altinteks.com.tr\/wp-content\/uploads\/2017\/10\/symantec-1024x270.png 1024w\" sizes=\"auto, (max-width: 1139px) 100vw, 1139px\" \/><\/a>\n\t\t\t<\/dt><\/dl><dl class='gallery-item'>\n\t\t\t<dt class='gallery-icon landscape'>\n\t\t\t\t<a href='https:\/\/altinteks.com.tr\/wp-content\/uploads\/2017\/10\/xerox.png'><img loading=\"lazy\" decoding=\"async\" width=\"476\" height=\"134\" src=\"https:\/\/altinteks.com.tr\/wp-content\/uploads\/2017\/10\/xerox.png\" class=\"attachment-full size-full\" alt=\"\" srcset=\"https:\/\/altinteks.com.tr\/wp-content\/uploads\/2017\/10\/xerox.png 476w, https:\/\/altinteks.com.tr\/wp-content\/uploads\/2017\/10\/xerox-300x84.png 300w\" sizes=\"auto, (max-width: 476px) 100vw, 476px\" \/><\/a>\n\t\t\t<\/dt><\/dl><br style=\"clear: both\" \/>\n\t\t<\/div>\n\n","protected":false},"excerpt":{"rendered":"","protected":false},"author":2,"featured_media":0,"parent":0,"menu_order":0,"comment_status":"closed","ping_status":"closed","template":"pages\/page-references.php","meta":{"footnotes":""},"class_list":["post-15","page","type-page","status-publish","hentry"],"aioseo_notices":[],"_links":{"self":[{"href":"https:\/\/altinteks.com.tr\/index.php\/wp-json\/wp\/v2\/pages\/15","targetHints":{"allow":["GET"]}}],"collection":[{"href":"https:\/\/altinteks.com.tr\/index.php\/wp-json\/wp\/v2\/pages"}],"about":[{"href":"https:\/\/altinteks.com.tr\/index.php\/wp-json\/wp\/v2\/types\/page"}],"author":[{"embeddable":true,"href":"https:\/\/altinteks.com.tr\/index.php\/wp-json\/wp\/v2\/users\/2"}],"replies":[{"embeddable":true,"href":"https:\/\/altinteks.com.tr\/index.php\/wp-json\/wp\/v2\/comments?post=15"}],"version-history":[{"count":3,"href":"https:\/\/altinteks.com.tr\/index.php\/wp-json\/wp\/v2\/pages\/15\/revisions"}],"predecessor-version":[{"id":162,"href":"https:\/\/altinteks.com.tr\/index.php\/wp-json\/wp\/v2\/pages\/15\/revisions\/162"}],"wp:attachment":[{"href":"https:\/\/altinteks.com.tr\/index.php\/wp-json\/wp\/v2\/media?parent=15"}],"curies":[{"name":"wp","href":"https:\/\/api.w.org\/{rel}","templated":true}]}}